{"id":84,"date":"2021-03-02T10:53:01","date_gmt":"2021-03-02T10:53:01","guid":{"rendered":"http:\/\/rigasfotomenesis.lv\/2021\/?page_id=84"},"modified":"2021-03-22T11:41:50","modified_gmt":"2021-03-22T09:41:50","slug":"call-for-entries-riga-photomonth-2021","status":"publish","type":"page","link":"https:\/\/rigasfotomenesis.lv\/2021\/call-for-entries-riga-photomonth-2021\/","title":{"rendered":"The results of Riga Photomonth 2021 open call"},"content":{"rendered":"\n<p>The applications for this year&#8217;s Riga Photomonth ended on 7 Febuary. We would like to thank all who submitted and we are happy to announce the results! <\/p>\n\n\n\n<p>Selected for exhibitions:<br><\/p>\n\n\n\n<p>Ania Ready (UK\/Poland)<br>Anna Niskanen (Finland)<br>Bram van Dijk (France\/Netherlands)<br>Christy Grishina (Russia)<br>Elv\u012bra Blumfelde (Latvia)<br>Iveta Gabali\u0146a (Latvia)<br>Jana Garvanlieva (Italy\/North Macedonia)<br>Katr\u012bna \u0122elze (Latvia)<br>Kertu Rannula (Estonia)<br>Leticia Zica (France\/Brazil)<br>Maria Rukina (Latvia)<br>P\u0113teris \u0136imsis (Latvia)<br>Sergei Stroitelev (Russia)<br>Sue Polschikova (Portugal\/Russia)<\/p>\n\n\n\n<p><br>For projection:<\/p>\n\n\n\n<p>Alexey Pavlov (Russia)<br>Anastasija Lomteva (Latvia)<br>Antonina Baygusheva (Germany)<br>Bart Krezolek (Poland)<br>Bram van Dijk (France\/Netherlands)<br>Carlo Bevilacqua (Italy)<br>Christy Grishina (Russia)<br>Daniel Kocherga (Netherlands\/Russia)<br>Gavin Smart (UK)<br>Joanna Musia\u0142 (Poland)<br>Konstantin Zhukov (UK\/Latvia)<br>Laima Gra\u017edanovi\u010da (Latvia)<br>Maria Kokunova (Russia)<br>Maryia Karneyenka (Belarus)<br>Micha\u0142 Mali\u0144ski (Poland)<br>Nastasya Martynova (Russia)<br>Natalia Kepesz (Germany\/Poland)<br>Paulina Korobkiewicz (UK\/Poland)<br>Rasmus M\u00e4kel\u00e4 (Finland)<br>Roksolana Potsyurko (Ukraine)<br>Sergei Stroitelev (Russia)<br>Valdis Putni\u0146\u0161 (Latvia)<\/p>\n","protected":false},"excerpt":{"rendered":"<p>The applications for this year&#8217;s Riga Photomonth ended on 7 Febuary. We would like to thank all who submitted and we are happy to announce the results! Selected for exhibitions: Ania Ready (UK\/Poland)Anna Niskanen (Finland)Bram van Dijk (France\/Netherlands)Christy Grishina (Russia)Elv\u012bra Blumfelde (Latvia)Iveta Gabali\u0146a (Latvia)Jana Garvanlieva (Italy\/North Macedonia)Katr\u012bna \u0122elze (Latvia)Kertu Rannula (Estonia)Leticia Zica (France\/Brazil)Maria Rukina (Latvia)P\u0113teris &hellip; <a href=\"https:\/\/rigasfotomenesis.lv\/2021\/call-for-entries-riga-photomonth-2021\/\">Continued<\/a><\/p>\n","protected":false},"author":1,"featured_media":165,"parent":0,"menu_order":0,"comment_status":"closed","ping_status":"closed","template":"","meta":{"footnotes":""},"class_list":["post-84","page","type-page","status-publish","has-post-thumbnail","hentry"],"yoast_head":"<!-- This site is optimized with the Yoast SEO plugin v16.1.1 - https:\/\/yoast.com\/wordpress\/plugins\/seo\/ -->\n<title>The results of Riga Photomonth 2021 open call - Riga Photomonth 2021<\/title>\n<link rel=\"canonical\" href=\"https:\/\/rigasfotomenesis.lv\/2021\/call-for-entries-riga-photomonth-2021\/\" \/>\n<meta property=\"og:locale\" content=\"en_US\" \/>\n<meta property=\"og:type\" content=\"article\" \/>\n<meta property=\"og:title\" content=\"The results of Riga Photomonth 2021 open call - Riga Photomonth 2021\" \/>\n<meta property=\"og:description\" content=\"The applications for this year&#8217;s Riga Photomonth ended on 7 Febuary. We would like to thank all who submitted and we are happy to announce the results! Selected for exhibitions: Ania Ready (UK\/Poland)Anna Niskanen (Finland)Bram van Dijk (France\/Netherlands)Christy Grishina (Russia)Elv\u012bra Blumfelde (Latvia)Iveta Gabali\u0146a (Latvia)Jana Garvanlieva (Italy\/North Macedonia)Katr\u012bna \u0122elze (Latvia)Kertu Rannula (Estonia)Leticia Zica (France\/Brazil)Maria Rukina (Latvia)P\u0113teris &hellip; Continued\" \/>\n<meta property=\"og:url\" content=\"https:\/\/rigasfotomenesis.lv\/2021\/call-for-entries-riga-photomonth-2021\/\" \/>\n<meta property=\"og:site_name\" content=\"Riga Photomonth 2021\" \/>\n<meta property=\"article:publisher\" content=\"https:\/\/www.facebook.com\/RigaPhotomonth\" \/>\n<meta property=\"article:modified_time\" content=\"2021-03-22T09:41:50+00:00\" \/>\n<meta property=\"og:image\" content=\"https:\/\/rigasfotomenesis.lv\/2021\/wp-content\/uploads\/sites\/2\/2021\/03\/zica_leticia_03s.jpg\" \/>\n\t<meta property=\"og:image:width\" content=\"1000\" \/>\n\t<meta property=\"og:image:height\" content=\"1500\" \/>\n<meta name=\"twitter:card\" content=\"summary_large_image\" \/>\n<meta name=\"twitter:label1\" content=\"Est. reading time\">\n\t<meta name=\"twitter:data1\" content=\"1 minute\">\n<script type=\"application\/ld+json\" class=\"yoast-schema-graph\">{\"@context\":\"https:\/\/schema.org\",\"@graph\":[{\"@type\":\"Organization\",\"@id\":\"https:\/\/rigasfotomenesis.lv\/2021\/#organization\",\"name\":\"Society \\u201cRiga Photomonth\\u201d\",\"url\":\"https:\/\/rigasfotomenesis.lv\/2021\/\",\"sameAs\":[\"https:\/\/www.facebook.com\/RigaPhotomonth\",\"https:\/\/www.instagram.com\/rigaphotomonth\/\",\"https:\/\/www.youtube.com\/channel\/UC6c5PFSPCWtbaekT7icz3-A\"],\"logo\":{\"@type\":\"ImageObject\",\"@id\":\"https:\/\/rigasfotomenesis.lv\/2021\/#logo\",\"inLanguage\":\"en-US\",\"url\":\"https:\/\/rigasfotomenesis.lv\/wp-content\/uploads\/2021\/03\/logo2021.svg\",\"contentUrl\":\"https:\/\/rigasfotomenesis.lv\/wp-content\/uploads\/2021\/03\/logo2021.svg\",\"width\":70,\"height\":69,\"caption\":\"Society \\u201cRiga Photomonth\\u201d\"},\"image\":{\"@id\":\"https:\/\/rigasfotomenesis.lv\/2021\/#logo\"}},{\"@type\":\"WebSite\",\"@id\":\"https:\/\/rigasfotomenesis.lv\/2021\/#website\",\"url\":\"https:\/\/rigasfotomenesis.lv\/2021\/\",\"name\":\"Riga Photomonth\",\"description\":\"May 24\\u2013July 18\",\"publisher\":{\"@id\":\"https:\/\/rigasfotomenesis.lv\/2021\/#organization\"},\"potentialAction\":[{\"@type\":\"SearchAction\",\"target\":\"https:\/\/rigasfotomenesis.lv\/2021\/?s={search_term_string}\",\"query-input\":\"required name=search_term_string\"}],\"inLanguage\":\"en-US\"},{\"@type\":\"ImageObject\",\"@id\":\"https:\/\/rigasfotomenesis.lv\/2021\/call-for-entries-riga-photomonth-2021\/#primaryimage\",\"inLanguage\":\"en-US\",\"url\":\"https:\/\/rigasfotomenesis.lv\/2021\/wp-content\/uploads\/sites\/2\/2021\/03\/zica_leticia_03s.jpg\",\"contentUrl\":\"https:\/\/rigasfotomenesis.lv\/2021\/wp-content\/uploads\/sites\/2\/2021\/03\/zica_leticia_03s.jpg\",\"width\":1000,\"height\":1500,\"caption\":\"Leticia Zica\"},{\"@type\":\"WebPage\",\"@id\":\"https:\/\/rigasfotomenesis.lv\/2021\/call-for-entries-riga-photomonth-2021\/#webpage\",\"url\":\"https:\/\/rigasfotomenesis.lv\/2021\/call-for-entries-riga-photomonth-2021\/\",\"name\":\"The results of Riga Photomonth 2021 open call - Riga Photomonth 2021\",\"isPartOf\":{\"@id\":\"https:\/\/rigasfotomenesis.lv\/2021\/#website\"},\"primaryImageOfPage\":{\"@id\":\"https:\/\/rigasfotomenesis.lv\/2021\/call-for-entries-riga-photomonth-2021\/#primaryimage\"},\"datePublished\":\"2021-03-02T10:53:01+00:00\",\"dateModified\":\"2021-03-22T09:41:50+00:00\",\"breadcrumb\":{\"@id\":\"https:\/\/rigasfotomenesis.lv\/2021\/call-for-entries-riga-photomonth-2021\/#breadcrumb\"},\"inLanguage\":\"en-US\",\"potentialAction\":[{\"@type\":\"ReadAction\",\"target\":[\"https:\/\/rigasfotomenesis.lv\/2021\/call-for-entries-riga-photomonth-2021\/\"]}]},{\"@type\":\"BreadcrumbList\",\"@id\":\"https:\/\/rigasfotomenesis.lv\/2021\/call-for-entries-riga-photomonth-2021\/#breadcrumb\",\"itemListElement\":[{\"@type\":\"ListItem\",\"position\":1,\"item\":{\"@type\":\"WebPage\",\"@id\":\"https:\/\/rigasfotomenesis.lv\/2021\/\",\"url\":\"https:\/\/rigasfotomenesis.lv\/2021\/\",\"name\":\"Home\"}},{\"@type\":\"ListItem\",\"position\":2,\"item\":{\"@type\":\"WebPage\",\"@id\":\"https:\/\/rigasfotomenesis.lv\/2021\/call-for-entries-riga-photomonth-2021\/\",\"url\":\"https:\/\/rigasfotomenesis.lv\/2021\/call-for-entries-riga-photomonth-2021\/\",\"name\":\"The results of Riga Photomonth 2021 open call\"}}]}]}<\/script>\n<!-- \/ Yoast SEO plugin. -->","_links":{"self":[{"href":"https:\/\/rigasfotomenesis.lv\/2021\/wp-json\/wp\/v2\/pages\/84","targetHints":{"allow":["GET"]}}],"collection":[{"href":"https:\/\/rigasfotomenesis.lv\/2021\/wp-json\/wp\/v2\/pages"}],"about":[{"href":"https:\/\/rigasfotomenesis.lv\/2021\/wp-json\/wp\/v2\/types\/page"}],"author":[{"embeddable":true,"href":"https:\/\/rigasfotomenesis.lv\/2021\/wp-json\/wp\/v2\/users\/1"}],"replies":[{"embeddable":true,"href":"https:\/\/rigasfotomenesis.lv\/2021\/wp-json\/wp\/v2\/comments?post=84"}],"version-history":[{"count":8,"href":"https:\/\/rigasfotomenesis.lv\/2021\/wp-json\/wp\/v2\/pages\/84\/revisions"}],"predecessor-version":[{"id":193,"href":"https:\/\/rigasfotomenesis.lv\/2021\/wp-json\/wp\/v2\/pages\/84\/revisions\/193"}],"wp:featuredmedia":[{"embeddable":true,"href":"https:\/\/rigasfotomenesis.lv\/2021\/wp-json\/wp\/v2\/media\/165"}],"wp:attachment":[{"href":"https:\/\/rigasfotomenesis.lv\/2021\/wp-json\/wp\/v2\/media?parent=84"}],"curies":[{"name":"wp","href":"https:\/\/api.w.org\/{rel}","templated":true}]}}