{"id":140,"date":"2021-03-12T19:04:24","date_gmt":"2021-03-12T17:04:24","guid":{"rendered":"http:\/\/rigasfotomenesis.lv\/2021\/?page_id=140"},"modified":"2021-05-30T21:32:03","modified_gmt":"2021-05-30T18:32:03","slug":"kontakti-par-mums","status":"publish","type":"page","link":"https:\/\/rigasfotomenesis.lv\/2021\/lv\/kontakti-par-mums\/","title":{"rendered":"Kontakti &#038; Par mums"},"content":{"rendered":"\n<p>R\u012bgas Fotom\u0113nesis ir starptautisks fotogr\u0101fijas festiv\u0101ls, kas notiek kop\u0161 2014. gada. Fotom\u0113ne\u0161a redzeslok\u0101 pamat\u0101 ir fotogr\u0101fija no Zieme\u013ceiropas un Austrumeiropas, un m\u016bsu m\u0113r\u0137is ir veicin\u0101t sabiedr\u012bbas saskarsmi ar vizu\u0101lo un foto m\u0101kslu, k\u0101 ar\u012b sekm\u0113t viet\u0113jo fotogr\u0101fu un m\u0101kslinieku jaunradi. Fotom\u0113nesis tiecas rea\u0123\u0113t uz glob\u0101liem un lok\u0101liem soci\u0101lpolitiskiem izaicin\u0101jumiem un vienm\u0113r mekl\u0113 jaunus veidus k\u0101 run\u0101t par fotogr\u0101fiju. Festiv\u0101la programmu veido izst\u0101des muzejos, galerij\u0101s, b\u0101ros un cit\u0101s neform\u0101l\u0101s viet\u0101s, k\u0101 ar\u012b publisk\u0101 vid\u0113 un tie\u0161saist\u0113, m\u0101kslinieku sarunas, darbn\u012bcas, lekcijas, filmu seansi un citas aktivit\u0101tes.<\/p>\n\n\n\n<p>N\u0101kamais festiv\u0101ls notiks no 2021. gada 24. maija l\u012bdz 4. j\u016blijam. <em>Covid-19<\/em> ierobe\u017eojumu seku d\u0113\u013c liel\u0101k\u0101 da\u013ca pas\u0101kumu notiks \u0101rpus telp\u0101m un tie\u0161saist\u0113. Programm\u0101 b\u016bs izmai\u0146as. R\u012bgas Fotom\u0113nesi organiz\u0113 biedr\u012bba &#8220;R\u012bgas fotom\u0113nesis&#8221; sadarb\u012bb\u0101 ar \u017eurn\u0101lu &#8220;Foto Kvart\u0101ls&#8221;, ISSP, Latvijas Fotogr\u0101fijas muzeju un citiem partneriem. M\u016bs atbalsta Valsts Kult\u016brkapit\u0101la fonds, Kult\u016brElpa, R\u012bgas dome un citi. Kop\u0161 2015. gada festiv\u0101la direktors ir Arnis Bal\u010dus.<\/p>\n","protected":false},"excerpt":{"rendered":"<p>R\u012bgas Fotom\u0113nesis ir starptautisks fotogr\u0101fijas festiv\u0101ls, kas notiek kop\u0161 2014. gada. Fotom\u0113ne\u0161a redzeslok\u0101 pamat\u0101 ir fotogr\u0101fija no Zieme\u013ceiropas un Austrumeiropas, un m\u016bsu m\u0113r\u0137is ir veicin\u0101t sabiedr\u012bbas saskarsmi ar vizu\u0101lo un foto m\u0101kslu, k\u0101 ar\u012b sekm\u0113t viet\u0113jo fotogr\u0101fu un m\u0101kslinieku jaunradi. Fotom\u0113nesis tiecas rea\u0123\u0113t uz glob\u0101liem un lok\u0101liem soci\u0101lpolitiskiem izaicin\u0101jumiem un vienm\u0113r mekl\u0113 jaunus veidus k\u0101 &hellip; <a href=\"https:\/\/rigasfotomenesis.lv\/2021\/lv\/kontakti-par-mums\/\">Continued<\/a><\/p>\n","protected":false},"author":1,"featured_media":0,"parent":0,"menu_order":0,"comment_status":"closed","ping_status":"closed","template":"views\/template-about.blade.php","meta":{"footnotes":""},"class_list":["post-140","page","type-page","status-publish","hentry"],"yoast_head":"<!-- This site is optimized with the Yoast SEO plugin v16.1.1 - https:\/\/yoast.com\/wordpress\/plugins\/seo\/ -->\n<title>Kontakti &amp; Par mums - Riga Photomonth 2021<\/title>\n<link rel=\"canonical\" href=\"https:\/\/rigasfotomenesis.lv\/2021\/lv\/kontakti-par-mums\/\" \/>\n<meta property=\"og:locale\" content=\"en_US\" \/>\n<meta property=\"og:type\" content=\"article\" \/>\n<meta property=\"og:title\" content=\"Kontakti &amp; Par mums - Riga Photomonth 2021\" \/>\n<meta property=\"og:description\" content=\"R\u012bgas Fotom\u0113nesis ir starptautisks fotogr\u0101fijas festiv\u0101ls, kas notiek kop\u0161 2014. gada. Fotom\u0113ne\u0161a redzeslok\u0101 pamat\u0101 ir fotogr\u0101fija no Zieme\u013ceiropas un Austrumeiropas, un m\u016bsu m\u0113r\u0137is ir veicin\u0101t sabiedr\u012bbas saskarsmi ar vizu\u0101lo un foto m\u0101kslu, k\u0101 ar\u012b sekm\u0113t viet\u0113jo fotogr\u0101fu un m\u0101kslinieku jaunradi. Fotom\u0113nesis tiecas rea\u0123\u0113t uz glob\u0101liem un lok\u0101liem soci\u0101lpolitiskiem izaicin\u0101jumiem un vienm\u0113r mekl\u0113 jaunus veidus k\u0101 &hellip; Continued\" \/>\n<meta property=\"og:url\" content=\"https:\/\/rigasfotomenesis.lv\/2021\/lv\/kontakti-par-mums\/\" \/>\n<meta property=\"og:site_name\" content=\"Riga Photomonth 2021\" \/>\n<meta property=\"article:publisher\" content=\"https:\/\/www.facebook.com\/RigaPhotomonth\" \/>\n<meta property=\"article:modified_time\" content=\"2021-05-30T18:32:03+00:00\" \/>\n<meta name=\"twitter:card\" content=\"summary_large_image\" \/>\n<meta name=\"twitter:label1\" content=\"Est. reading time\">\n\t<meta name=\"twitter:data1\" content=\"1 minute\">\n<script type=\"application\/ld+json\" class=\"yoast-schema-graph\">{\"@context\":\"https:\/\/schema.org\",\"@graph\":[{\"@type\":\"Organization\",\"@id\":\"https:\/\/rigasfotomenesis.lv\/2021\/#organization\",\"name\":\"Society \\u201cRiga Photomonth\\u201d\",\"url\":\"https:\/\/rigasfotomenesis.lv\/2021\/\",\"sameAs\":[\"https:\/\/www.facebook.com\/RigaPhotomonth\",\"https:\/\/www.instagram.com\/rigaphotomonth\/\",\"https:\/\/www.youtube.com\/channel\/UC6c5PFSPCWtbaekT7icz3-A\"],\"logo\":{\"@type\":\"ImageObject\",\"@id\":\"https:\/\/rigasfotomenesis.lv\/2021\/#logo\",\"inLanguage\":\"en-US\",\"url\":\"https:\/\/rigasfotomenesis.lv\/wp-content\/uploads\/2021\/03\/logo2021.svg\",\"contentUrl\":\"https:\/\/rigasfotomenesis.lv\/wp-content\/uploads\/2021\/03\/logo2021.svg\",\"width\":70,\"height\":69,\"caption\":\"Society \\u201cRiga Photomonth\\u201d\"},\"image\":{\"@id\":\"https:\/\/rigasfotomenesis.lv\/2021\/#logo\"}},{\"@type\":\"WebSite\",\"@id\":\"https:\/\/rigasfotomenesis.lv\/2021\/#website\",\"url\":\"https:\/\/rigasfotomenesis.lv\/2021\/\",\"name\":\"Riga Photomonth\",\"description\":\"May 24\\u2013July 18\",\"publisher\":{\"@id\":\"https:\/\/rigasfotomenesis.lv\/2021\/#organization\"},\"potentialAction\":[{\"@type\":\"SearchAction\",\"target\":\"https:\/\/rigasfotomenesis.lv\/2021\/?s={search_term_string}\",\"query-input\":\"required name=search_term_string\"}],\"inLanguage\":\"en-US\"},{\"@type\":\"WebPage\",\"@id\":\"https:\/\/rigasfotomenesis.lv\/2021\/lv\/kontakti-par-mums\/#webpage\",\"url\":\"https:\/\/rigasfotomenesis.lv\/2021\/lv\/kontakti-par-mums\/\",\"name\":\"Kontakti & Par mums - Riga Photomonth 2021\",\"isPartOf\":{\"@id\":\"https:\/\/rigasfotomenesis.lv\/2021\/#website\"},\"datePublished\":\"2021-03-12T17:04:24+00:00\",\"dateModified\":\"2021-05-30T18:32:03+00:00\",\"breadcrumb\":{\"@id\":\"https:\/\/rigasfotomenesis.lv\/2021\/lv\/kontakti-par-mums\/#breadcrumb\"},\"inLanguage\":\"en-US\",\"potentialAction\":[{\"@type\":\"ReadAction\",\"target\":[\"https:\/\/rigasfotomenesis.lv\/2021\/lv\/kontakti-par-mums\/\"]}]},{\"@type\":\"BreadcrumbList\",\"@id\":\"https:\/\/rigasfotomenesis.lv\/2021\/lv\/kontakti-par-mums\/#breadcrumb\",\"itemListElement\":[{\"@type\":\"ListItem\",\"position\":1,\"item\":{\"@type\":\"WebPage\",\"@id\":\"https:\/\/rigasfotomenesis.lv\/2021\/\",\"url\":\"https:\/\/rigasfotomenesis.lv\/2021\/\",\"name\":\"Home\"}},{\"@type\":\"ListItem\",\"position\":2,\"item\":{\"@type\":\"WebPage\",\"@id\":\"https:\/\/rigasfotomenesis.lv\/2021\/lv\/kontakti-par-mums\/\",\"url\":\"https:\/\/rigasfotomenesis.lv\/2021\/lv\/kontakti-par-mums\/\",\"name\":\"Kontakti &#038; Par mums\"}}]}]}<\/script>\n<!-- \/ Yoast SEO plugin. -->","_links":{"self":[{"href":"https:\/\/rigasfotomenesis.lv\/2021\/wp-json\/wp\/v2\/pages\/140","targetHints":{"allow":["GET"]}}],"collection":[{"href":"https:\/\/rigasfotomenesis.lv\/2021\/wp-json\/wp\/v2\/pages"}],"about":[{"href":"https:\/\/rigasfotomenesis.lv\/2021\/wp-json\/wp\/v2\/types\/page"}],"author":[{"embeddable":true,"href":"https:\/\/rigasfotomenesis.lv\/2021\/wp-json\/wp\/v2\/users\/1"}],"replies":[{"embeddable":true,"href":"https:\/\/rigasfotomenesis.lv\/2021\/wp-json\/wp\/v2\/comments?post=140"}],"version-history":[{"count":5,"href":"https:\/\/rigasfotomenesis.lv\/2021\/wp-json\/wp\/v2\/pages\/140\/revisions"}],"predecessor-version":[{"id":650,"href":"https:\/\/rigasfotomenesis.lv\/2021\/wp-json\/wp\/v2\/pages\/140\/revisions\/650"}],"wp:attachment":[{"href":"https:\/\/rigasfotomenesis.lv\/2021\/wp-json\/wp\/v2\/media?parent=140"}],"curies":[{"name":"wp","href":"https:\/\/api.w.org\/{rel}","templated":true}]}}

<p>Rīgas Fotomēnesis ir starptautisks fotogrāfijas festivāls, kas notiek kopš 2014. gada. Fotomēneša redzeslokā pamatā ir fotogrāfija no Ziemeļeiropas un Austrumeiropas, un mūsu mērķis ir veicināt sabiedrības saskarsmi ar vizuālo un foto mākslu, kā arī sekmēt vietējo fotogrāfu un mākslinieku jaunradi. Fotomēnesis tiecas reaģēt uz globāliem un lokāliem sociālpolitiskiem izaicinājumiem un vienmēr meklē jaunus veidus kā runāt par fotogrāfiju. Festivāla programmu veido izstādes muzejos, galerijās, bāros un citās neformālās vietās, kā arī publiskā vidē un tiešsaistē, mākslinieku sarunas, darbnīcas, lekcijas, filmu seansi un citas aktivitātes.</p>



<p>Nākamais festivāls notiks no 2021. gada 24. maija līdz 4. jūlijam. <em>Covid-19</em> ierobežojumu seku dēļ lielākā daļa pasākumu notiks ārpus telpām un tiešsaistē. Programmā būs izmaiņas. Rīgas Fotomēnesi organizē biedrība &#8220;Rīgas fotomēnesis&#8221; sadarbībā ar žurnālu &#8220;Foto Kvartāls&#8221;, ISSP, Latvijas Fotogrāfijas muzeju un citiem partneriem. Mūs atbalsta Valsts Kultūrkapitāla fonds, KultūrElpa, Rīgas dome un citi. Kopš 2015. gada festivāla direktors ir Arnis Balčus.</p>

<p>Rīgas Fotomēnesis ir starptautisks fotogrāfijas festivāls, kas notiek kopš 2014. gada. Fotomēneša redzeslokā pamatā ir fotogrāfija no Ziemeļeiropas un Austrumeiropas, un mūsu mērķis ir veicināt sabiedrības saskarsmi ar vizuālo un foto mākslu, kā arī sekmēt vietējo fotogrāfu un mākslinieku jaunradi. Fotomēnesis tiecas reaģēt uz globāliem un lokāliem sociālpolitiskiem izaicinājumiem un vienmēr meklē jaunus veidus kā &hellip; <a href="https://rigasfotomenesis.lv/2021/lv/kontakti-par-mums/">Continued</a></p>

<!-- This site is optimized with the Yoast SEO plugin v16.1.1 - https://yoast.com/wordpress/plugins/seo/ -->
<title>Kontakti &amp; Par mums - Riga Photomonth 2021</title>
<link rel="canonical" href="https://rigasfotomenesis.lv/2021/lv/kontakti-par-mums/" />
<meta property="og:locale" content="en_US" />
<meta property="og:type" content="article" />
<meta property="og:title" content="Kontakti &amp; Par mums - Riga Photomonth 2021" />
<meta property="og:description" content="Rīgas Fotomēnesis ir starptautisks fotogrāfijas festivāls, kas notiek kopš 2014. gada. Fotomēneša redzeslokā pamatā ir fotogrāfija no Ziemeļeiropas un Austrumeiropas, un mūsu mērķis ir veicināt sabiedrības saskarsmi ar vizuālo un foto mākslu, kā arī sekmēt vietējo fotogrāfu un mākslinieku jaunradi. Fotomēnesis tiecas reaģēt uz globāliem un lokāliem sociālpolitiskiem izaicinājumiem un vienmēr meklē jaunus veidus kā &hellip; Continued" />
<meta property="og:url" content="https://rigasfotomenesis.lv/2021/lv/kontakti-par-mums/" />
<meta property="og:site_name" content="Riga Photomonth 2021" />
<meta property="article:publisher" content="https://www.facebook.com/RigaPhotomonth" />
<meta property="article:modified_time" content="2021-05-30T18:32:03+00:00" />
<meta name="twitter:card" content="summary_large_image" />
<meta name="twitter:label1" content="Est. reading time">
	<meta name="twitter:data1" content="1 minute">
<script type="application/ld+json" class="yoast-schema-graph">{"@context":"https://schema.org","@graph":[{"@type":"Organization","@id":"https://rigasfotomenesis.lv/2021/#organization","name":"Society \u201cRiga Photomonth\u201d","url":"https://rigasfotomenesis.lv/2021/","sameAs":["https://www.facebook.com/RigaPhotomonth","https://www.instagram.com/rigaphotomonth/","https://www.youtube.com/channel/UC6c5PFSPCWtbaekT7icz3-A"],"logo":{"@type":"ImageObject","@id":"https://rigasfotomenesis.lv/2021/#logo","inLanguage":"en-US","url":"https://rigasfotomenesis.lv/wp-content/uploads/2021/03/logo2021.svg","contentUrl":"https://rigasfotomenesis.lv/wp-content/uploads/2021/03/logo2021.svg","width":70,"height":69,"caption":"Society \u201cRiga Photomonth\u201d"},"image":{"@id":"https://rigasfotomenesis.lv/2021/#logo"}},{"@type":"WebSite","@id":"https://rigasfotomenesis.lv/2021/#website","url":"https://rigasfotomenesis.lv/2021/","name":"Riga Photomonth","description":"May 24\u2013July 18","publisher":{"@id":"https://rigasfotomenesis.lv/2021/#organization"},"potentialAction":[{"@type":"SearchAction","target":"https://rigasfotomenesis.lv/2021/?s={search_term_string}","query-input":"required name=search_term_string"}],"inLanguage":"en-US"},{"@type":"WebPage","@id":"https://rigasfotomenesis.lv/2021/lv/kontakti-par-mums/#webpage","url":"https://rigasfotomenesis.lv/2021/lv/kontakti-par-mums/","name":"Kontakti & Par mums - Riga Photomonth 2021","isPartOf":{"@id":"https://rigasfotomenesis.lv/2021/#website"},"datePublished":"2021-03-12T17:04:24+00:00","dateModified":"2021-05-30T18:32:03+00:00","breadcrumb":{"@id":"https://rigasfotomenesis.lv/2021/lv/kontakti-par-mums/#breadcrumb"},"inLanguage":"en-US","potentialAction":[{"@type":"ReadAction","target":["https://rigasfotomenesis.lv/2021/lv/kontakti-par-mums/"]}]},{"@type":"BreadcrumbList","@id":"https://rigasfotomenesis.lv/2021/lv/kontakti-par-mums/#breadcrumb","itemListElement":[{"@type":"ListItem","position":1,"item":{"@type":"WebPage","@id":"https://rigasfotomenesis.lv/2021/","url":"https://rigasfotomenesis.lv/2021/","name":"Home"}},{"@type":"ListItem","position":2,"item":{"@type":"WebPage","@id":"https://rigasfotomenesis.lv/2021/lv/kontakti-par-mums/","url":"https://rigasfotomenesis.lv/2021/lv/kontakti-par-mums/","name":"Kontakti &#038; Par mums"}}]}]}</script>
<!-- / Yoast SEO plugin. -->
