{"id":657,"date":"2021-06-02T19:51:59","date_gmt":"2021-06-02T16:51:59","guid":{"rendered":"https:\/\/rigasfotomenesis.lv\/?post_type=event&#038;p=657"},"modified":"2021-06-12T00:07:05","modified_gmt":"2021-06-11T21:07:05","slug":"parmainu-laukums-liecienieku-stasti","status":"publish","type":"event","link":"https:\/\/rigasfotomenesis.lv\/2021\/lv\/events\/parmainu-laukums-liecienieku-stasti\/","title":{"rendered":"P\u0101rmai\u0146u laukums: liecinieku st\u0101sti"},"content":{"rendered":"\n<p>\u0160obr\u012bd festiv\u0101la <em>R\u012bgas fotom\u0113nesis<\/em> ietvaros Esplan\u0101d\u0113 pie Latvijas Nacion\u0101l\u0101 m\u0101kslas muzeja atrodas izst\u0101de-objekts <em>P\u0101rmai\u0146u laukums<\/em>, kas ir velt\u012bjums visiem baltkrieviem, kuri p\u0113d\u0113jos devi\u0146os m\u0113ne\u0161os piedz\u012bvoju\u0161i Baltkrievijas cietumus. \u0160is objekts ir kopija transformatora b\u016bdi\u0146ai, kas atrad\u0101s k\u0101d\u0101 no Minskas blokm\u0101ju iek\u0161pagalmiem un k\u013cuva par simbolu baltkrievu c\u012b\u0146ai par sav\u0101m ties\u012bb\u0101m. Uz b\u016bdi\u0146as sien\u0101m izvietotas fotogr\u0101fijas, kur\u0101s redzami notikumi \u0161aj\u0101 laukum\u0101. Diem\u017e\u0113l pa\u0161i baltkrievi nevar\u0113ja ierasties R\u012bg\u0101, ta\u010du pas\u0101kuma ietvaros m\u0113s aicin\u0101m baltkrievus, kuri tagad dz\u012bvo R\u012bg\u0101 un pieredz\u0113ja notikumus <em>P\u0101rmai\u0146u laukum\u0101<\/em>, dal\u012bties savos iespaidos un run\u0101t par notikumiem Baltkrievij\u0101. Pas\u0101kums notiks krievu valod\u0101, to tie\u0161raid\u0113 var\u0113s v\u0113rot R\u012bgas Fotom\u0113ne\u0161a <a href=\"https:\/\/www.facebook.com\/events\/477537900197968\">Facebook lap\u0101.<\/a><\/p>\n\n\n<p><\/p><center><iframe loading=\"lazy\" src=\"https:\/\/www.youtube.com\/embed\/BXe3OEwBGC4\" title=\"YouTube video player\" allow=\"accelerometer; autoplay; clipboard-write; encrypted-media; gyroscope; picture-in-picture\" allowfullscreen=\"\" width=\"560\" height=\"315\" frameborder=\"0\"><\/iframe><\/center><p><\/p>","protected":false},"featured_media":658,"template":"","event_tag":[41],"class_list":["post-657","event","type-event","status-publish","has-post-thumbnail","hentry","event_tag-diskusija"],"yoast_head":"<!-- This site is optimized with the Yoast SEO plugin v16.1.1 - https:\/\/yoast.com\/wordpress\/plugins\/seo\/ -->\n<title>P\u0101rmai\u0146u laukums: liecinieku st\u0101sti - Riga Photomonth 2021<\/title>\n<link rel=\"canonical\" href=\"https:\/\/rigasfotomenesis.lv\/2021\/lv\/events\/parmainu-laukums-liecienieku-stasti\/\" \/>\n<meta property=\"og:locale\" content=\"en_US\" \/>\n<meta property=\"og:type\" content=\"article\" \/>\n<meta property=\"og:title\" content=\"P\u0101rmai\u0146u laukums: liecinieku st\u0101sti - Riga Photomonth 2021\" \/>\n<meta property=\"og:description\" content=\"\u0160obr\u012bd festiv\u0101la R\u012bgas fotom\u0113nesis ietvaros Esplan\u0101d\u0113 pie Latvijas Nacion\u0101l\u0101 m\u0101kslas muzeja atrodas izst\u0101de-objekts P\u0101rmai\u0146u laukums, kas ir velt\u012bjums visiem baltkrieviem, kuri p\u0113d\u0113jos devi\u0146os m\u0113ne\u0161os piedz\u012bvoju\u0161i Baltkrievijas cietumus. \u0160is objekts ir kopija transformatora b\u016bdi\u0146ai, kas atrad\u0101s k\u0101d\u0101 no Minskas blokm\u0101ju iek\u0161pagalmiem un k\u013cuva par simbolu baltkrievu c\u012b\u0146ai par sav\u0101m ties\u012bb\u0101m. Uz b\u016bdi\u0146as sien\u0101m izvietotas fotogr\u0101fijas, kur\u0101s &hellip; Continued\" \/>\n<meta property=\"og:url\" content=\"https:\/\/rigasfotomenesis.lv\/2021\/lv\/events\/parmainu-laukums-liecienieku-stasti\/\" \/>\n<meta property=\"og:site_name\" content=\"Riga Photomonth 2021\" \/>\n<meta property=\"article:publisher\" content=\"https:\/\/www.facebook.com\/RigaPhotomonth\" \/>\n<meta property=\"article:modified_time\" content=\"2021-06-11T21:07:05+00:00\" \/>\n<meta property=\"og:image\" content=\"https:\/\/rigasfotomenesis.lv\/2021\/wp-content\/uploads\/sites\/2\/2021\/06\/Parmainu-laukums.jpg\" \/>\n\t<meta property=\"og:image:width\" content=\"1800\" \/>\n\t<meta property=\"og:image:height\" content=\"1197\" \/>\n<meta name=\"twitter:card\" content=\"summary_large_image\" \/>\n<meta name=\"twitter:label1\" content=\"Est. reading time\">\n\t<meta name=\"twitter:data1\" content=\"1 minute\">\n<script type=\"application\/ld+json\" class=\"yoast-schema-graph\">{\"@context\":\"https:\/\/schema.org\",\"@graph\":[{\"@type\":\"Organization\",\"@id\":\"https:\/\/rigasfotomenesis.lv\/2021\/#organization\",\"name\":\"Society \\u201cRiga Photomonth\\u201d\",\"url\":\"https:\/\/rigasfotomenesis.lv\/2021\/\",\"sameAs\":[\"https:\/\/www.facebook.com\/RigaPhotomonth\",\"https:\/\/www.instagram.com\/rigaphotomonth\/\",\"https:\/\/www.youtube.com\/channel\/UC6c5PFSPCWtbaekT7icz3-A\"],\"logo\":{\"@type\":\"ImageObject\",\"@id\":\"https:\/\/rigasfotomenesis.lv\/2021\/#logo\",\"inLanguage\":\"en-US\",\"url\":\"https:\/\/rigasfotomenesis.lv\/wp-content\/uploads\/2021\/03\/logo2021.svg\",\"contentUrl\":\"https:\/\/rigasfotomenesis.lv\/wp-content\/uploads\/2021\/03\/logo2021.svg\",\"width\":70,\"height\":69,\"caption\":\"Society \\u201cRiga Photomonth\\u201d\"},\"image\":{\"@id\":\"https:\/\/rigasfotomenesis.lv\/2021\/#logo\"}},{\"@type\":\"WebSite\",\"@id\":\"https:\/\/rigasfotomenesis.lv\/2021\/#website\",\"url\":\"https:\/\/rigasfotomenesis.lv\/2021\/\",\"name\":\"Riga Photomonth\",\"description\":\"May 24\\u2013July 18\",\"publisher\":{\"@id\":\"https:\/\/rigasfotomenesis.lv\/2021\/#organization\"},\"potentialAction\":[{\"@type\":\"SearchAction\",\"target\":\"https:\/\/rigasfotomenesis.lv\/2021\/?s={search_term_string}\",\"query-input\":\"required name=search_term_string\"}],\"inLanguage\":\"en-US\"},{\"@type\":\"ImageObject\",\"@id\":\"https:\/\/rigasfotomenesis.lv\/2021\/lv\/events\/parmainu-laukums-liecienieku-stasti\/#primaryimage\",\"inLanguage\":\"en-US\",\"url\":\"https:\/\/rigasfotomenesis.lv\/2021\/wp-content\/uploads\/sites\/2\/2021\/06\/Parmainu-laukums.jpg\",\"contentUrl\":\"https:\/\/rigasfotomenesis.lv\/2021\/wp-content\/uploads\/sites\/2\/2021\/06\/Parmainu-laukums.jpg\",\"width\":1800,\"height\":1197,\"caption\":\"P\\u0101rmai\\u0146u laukums\"},{\"@type\":\"WebPage\",\"@id\":\"https:\/\/rigasfotomenesis.lv\/2021\/lv\/events\/parmainu-laukums-liecienieku-stasti\/#webpage\",\"url\":\"https:\/\/rigasfotomenesis.lv\/2021\/lv\/events\/parmainu-laukums-liecienieku-stasti\/\",\"name\":\"P\\u0101rmai\\u0146u laukums: liecinieku st\\u0101sti - Riga Photomonth 2021\",\"isPartOf\":{\"@id\":\"https:\/\/rigasfotomenesis.lv\/2021\/#website\"},\"primaryImageOfPage\":{\"@id\":\"https:\/\/rigasfotomenesis.lv\/2021\/lv\/events\/parmainu-laukums-liecienieku-stasti\/#primaryimage\"},\"datePublished\":\"2021-06-02T16:51:59+00:00\",\"dateModified\":\"2021-06-11T21:07:05+00:00\",\"breadcrumb\":{\"@id\":\"https:\/\/rigasfotomenesis.lv\/2021\/lv\/events\/parmainu-laukums-liecienieku-stasti\/#breadcrumb\"},\"inLanguage\":\"en-US\",\"potentialAction\":[{\"@type\":\"ReadAction\",\"target\":[\"https:\/\/rigasfotomenesis.lv\/2021\/lv\/events\/parmainu-laukums-liecienieku-stasti\/\"]}]},{\"@type\":\"BreadcrumbList\",\"@id\":\"https:\/\/rigasfotomenesis.lv\/2021\/lv\/events\/parmainu-laukums-liecienieku-stasti\/#breadcrumb\",\"itemListElement\":[{\"@type\":\"ListItem\",\"position\":1,\"item\":{\"@type\":\"WebPage\",\"@id\":\"https:\/\/rigasfotomenesis.lv\/2021\/\",\"url\":\"https:\/\/rigasfotomenesis.lv\/2021\/\",\"name\":\"Home\"}},{\"@type\":\"ListItem\",\"position\":2,\"item\":{\"@type\":\"WebPage\",\"@id\":\"https:\/\/rigasfotomenesis.lv\/2021\/lv\/events\/parmainu-laukums-liecienieku-stasti\/\",\"url\":\"https:\/\/rigasfotomenesis.lv\/2021\/lv\/events\/parmainu-laukums-liecienieku-stasti\/\",\"name\":\"P\\u0101rmai\\u0146u laukums: liecinieku st\\u0101sti\"}}]}]}<\/script>\n<!-- \/ Yoast SEO plugin. -->","_links":{"self":[{"href":"https:\/\/rigasfotomenesis.lv\/2021\/wp-json\/wp\/v2\/event\/657","targetHints":{"allow":["GET"]}}],"collection":[{"href":"https:\/\/rigasfotomenesis.lv\/2021\/wp-json\/wp\/v2\/event"}],"about":[{"href":"https:\/\/rigasfotomenesis.lv\/2021\/wp-json\/wp\/v2\/types\/event"}],"wp:featuredmedia":[{"embeddable":true,"href":"https:\/\/rigasfotomenesis.lv\/2021\/wp-json\/wp\/v2\/media\/658"}],"wp:attachment":[{"href":"https:\/\/rigasfotomenesis.lv\/2021\/wp-json\/wp\/v2\/media?parent=657"}],"wp:term":[{"taxonomy":"event_tag","embeddable":true,"href":"https:\/\/rigasfotomenesis.lv\/2021\/wp-json\/wp\/v2\/event_tag?post=657"}],"curies":[{"name":"wp","href":"https:\/\/api.w.org\/{rel}","templated":true}]}}

Pārmaiņu laukums: liecinieku stāsti

<p>Šobrīd festivāla <em>Rīgas fotomēnesis</em> ietvaros Esplanādē pie Latvijas Nacionālā mākslas muzeja atrodas izstāde-objekts <em>Pārmaiņu laukums</em>, kas ir veltījums visiem baltkrieviem, kuri pēdējos deviņos mēnešos piedzīvojuši Baltkrievijas cietumus. Šis objekts ir kopija transformatora būdiņai, kas atradās kādā no Minskas blokmāju iekšpagalmiem un kļuva par simbolu baltkrievu cīņai par savām tiesībām. Uz būdiņas sienām izvietotas fotogrāfijas, kurās redzami notikumi šajā laukumā. Diemžēl paši baltkrievi nevarēja ierasties Rīgā, taču pasākuma ietvaros mēs aicinām baltkrievus, kuri tagad dzīvo Rīgā un pieredzēja notikumus <em>Pārmaiņu laukumā</em>, dalīties savos iespaidos un runāt par notikumiem Baltkrievijā. Pasākums notiks krievu valodā, to tiešraidē varēs vērot Rīgas Fotomēneša <a href="https://www.facebook.com/events/477537900197968">Facebook lapā.</a></p>


<p></p><center><iframe loading="lazy" src="https://www.youtube.com/embed/BXe3OEwBGC4" title="YouTube video player" allow="accelerometer; autoplay; clipboard-write; encrypted-media; gyroscope; picture-in-picture" allowfullscreen="" width="560" height="315" frameborder="0"></iframe></center><p></p>

<!-- This site is optimized with the Yoast SEO plugin v16.1.1 - https://yoast.com/wordpress/plugins/seo/ -->
<title>Pārmaiņu laukums: liecinieku stāsti - Riga Photomonth 2021</title>
<link rel="canonical" href="https://rigasfotomenesis.lv/2021/lv/events/parmainu-laukums-liecienieku-stasti/" />
<meta property="og:locale" content="en_US" />
<meta property="og:type" content="article" />
<meta property="og:title" content="Pārmaiņu laukums: liecinieku stāsti - Riga Photomonth 2021" />
<meta property="og:description" content="Šobrīd festivāla Rīgas fotomēnesis ietvaros Esplanādē pie Latvijas Nacionālā mākslas muzeja atrodas izstāde-objekts Pārmaiņu laukums, kas ir veltījums visiem baltkrieviem, kuri pēdējos deviņos mēnešos piedzīvojuši Baltkrievijas cietumus. Šis objekts ir kopija transformatora būdiņai, kas atradās kādā no Minskas blokmāju iekšpagalmiem un kļuva par simbolu baltkrievu cīņai par savām tiesībām. Uz būdiņas sienām izvietotas fotogrāfijas, kurās &hellip; Continued" />
<meta property="og:url" content="https://rigasfotomenesis.lv/2021/lv/events/parmainu-laukums-liecienieku-stasti/" />
<meta property="og:site_name" content="Riga Photomonth 2021" />
<meta property="article:publisher" content="https://www.facebook.com/RigaPhotomonth" />
<meta property="article:modified_time" content="2021-06-11T21:07:05+00:00" />
<meta property="og:image" content="https://rigasfotomenesis.lv/2021/wp-content/uploads/sites/2/2021/06/Parmainu-laukums.jpg" />
	<meta property="og:image:width" content="1800" />
	<meta property="og:image:height" content="1197" />
<meta name="twitter:card" content="summary_large_image" />
<meta name="twitter:label1" content="Est. reading time">
	<meta name="twitter:data1" content="1 minute">
<script type="application/ld+json" class="yoast-schema-graph">{"@context":"https://schema.org","@graph":[{"@type":"Organization","@id":"https://rigasfotomenesis.lv/2021/#organization","name":"Society \u201cRiga Photomonth\u201d","url":"https://rigasfotomenesis.lv/2021/","sameAs":["https://www.facebook.com/RigaPhotomonth","https://www.instagram.com/rigaphotomonth/","https://www.youtube.com/channel/UC6c5PFSPCWtbaekT7icz3-A"],"logo":{"@type":"ImageObject","@id":"https://rigasfotomenesis.lv/2021/#logo","inLanguage":"en-US","url":"https://rigasfotomenesis.lv/wp-content/uploads/2021/03/logo2021.svg","contentUrl":"https://rigasfotomenesis.lv/wp-content/uploads/2021/03/logo2021.svg","width":70,"height":69,"caption":"Society \u201cRiga Photomonth\u201d"},"image":{"@id":"https://rigasfotomenesis.lv/2021/#logo"}},{"@type":"WebSite","@id":"https://rigasfotomenesis.lv/2021/#website","url":"https://rigasfotomenesis.lv/2021/","name":"Riga Photomonth","description":"May 24\u2013July 18","publisher":{"@id":"https://rigasfotomenesis.lv/2021/#organization"},"potentialAction":[{"@type":"SearchAction","target":"https://rigasfotomenesis.lv/2021/?s={search_term_string}","query-input":"required name=search_term_string"}],"inLanguage":"en-US"},{"@type":"ImageObject","@id":"https://rigasfotomenesis.lv/2021/lv/events/parmainu-laukums-liecienieku-stasti/#primaryimage","inLanguage":"en-US","url":"https://rigasfotomenesis.lv/2021/wp-content/uploads/sites/2/2021/06/Parmainu-laukums.jpg","contentUrl":"https://rigasfotomenesis.lv/2021/wp-content/uploads/sites/2/2021/06/Parmainu-laukums.jpg","width":1800,"height":1197,"caption":"P\u0101rmai\u0146u laukums"},{"@type":"WebPage","@id":"https://rigasfotomenesis.lv/2021/lv/events/parmainu-laukums-liecienieku-stasti/#webpage","url":"https://rigasfotomenesis.lv/2021/lv/events/parmainu-laukums-liecienieku-stasti/","name":"P\u0101rmai\u0146u laukums: liecinieku st\u0101sti - Riga Photomonth 2021","isPartOf":{"@id":"https://rigasfotomenesis.lv/2021/#website"},"primaryImageOfPage":{"@id":"https://rigasfotomenesis.lv/2021/lv/events/parmainu-laukums-liecienieku-stasti/#primaryimage"},"datePublished":"2021-06-02T16:51:59+00:00","dateModified":"2021-06-11T21:07:05+00:00","breadcrumb":{"@id":"https://rigasfotomenesis.lv/2021/lv/events/parmainu-laukums-liecienieku-stasti/#breadcrumb"},"inLanguage":"en-US","potentialAction":[{"@type":"ReadAction","target":["https://rigasfotomenesis.lv/2021/lv/events/parmainu-laukums-liecienieku-stasti/"]}]},{"@type":"BreadcrumbList","@id":"https://rigasfotomenesis.lv/2021/lv/events/parmainu-laukums-liecienieku-stasti/#breadcrumb","itemListElement":[{"@type":"ListItem","position":1,"item":{"@type":"WebPage","@id":"https://rigasfotomenesis.lv/2021/","url":"https://rigasfotomenesis.lv/2021/","name":"Home"}},{"@type":"ListItem","position":2,"item":{"@type":"WebPage","@id":"https://rigasfotomenesis.lv/2021/lv/events/parmainu-laukums-liecienieku-stasti/","url":"https://rigasfotomenesis.lv/2021/lv/events/parmainu-laukums-liecienieku-stasti/","name":"P\u0101rmai\u0146u laukums: liecinieku st\u0101sti"}}]}]}</script>
<!-- / Yoast SEO plugin. -->
