{"id":512,"date":"2021-05-10T11:57:06","date_gmt":"2021-05-10T08:57:06","guid":{"rendered":"https:\/\/rigasfotomenesis.lv\/?post_type=event&#038;p=512"},"modified":"2021-05-27T11:09:59","modified_gmt":"2021-05-27T08:09:59","slug":"starp-zurnalistiku-un-aktivismu-ka-fotografi-strada-baltkrievija","status":"publish","type":"event","link":"https:\/\/rigasfotomenesis.lv\/2021\/lv\/events\/starp-zurnalistiku-un-aktivismu-ka-fotografi-strada-baltkrievija\/","title":{"rendered":"Starp \u017eurn\u0101listiku un akt\u012bvismu. K\u0101 fotogr\u0101fi str\u0101d\u0101 Baltkrievij\u0101?"},"content":{"rendered":"\n<p>2020. gad\u0101 Baltkrievij\u0101 fotogr\u0101fu darbs piln\u012bb\u0101 main\u012bj\u0101s. Aktu\u0101li k\u013cuvu\u0161i daudzi seni un ar\u012b jauni jaut\u0101jumi: vai ir nepiecie\u0161ams no\u0161\u0137irt pilsonisko poz\u012bciju un darbu? Cik liel\u0101 m\u0113r\u0101 iedzi\u013cin\u0101\u0161an\u0101s sabiedr\u012bb\u0101 trauc\u0113 objektivit\u0101tei? Vai mums ir vajadz\u012bgs objekt\u012bvisms, kad \u201cotra puse\u201d nav pieejama un visbie\u017e\u0101k ir b\u012bstama? Jauhens Otcetskis, \u0101r\u0161tata fotogr\u0101fs, kur\u0161 fotograf\u0113ja 2020. gada notikumus, ierosina no jauna defin\u0113t m\u016bsdienu \u017eurn\u0101listikas normas. Vai tas ir iesp\u0113jams un maz nepiecie\u0161ams, run\u0101sim ar fotogr\u0101fu. Sarunu moder\u0113s J\u016blija Vol\u010doka.<\/p>\n\n\n\n<p><a href=\"https:\/\/www.instagram.com\/attsetski_photo\/?hl=en\">Jauhens Otcetskis<\/a> ir baltkrievu fotogr\u0101fs, kas dz\u012bvo Minsk\u0101 un galvenok\u0101rt str\u0101d\u0101 dokument\u0101l\u0101s fotogr\u0101fijas jom\u0101. K\u0101 fotogr\u0101fs vi\u0146\u0161 ir str\u0101d\u0101jis ar UNDP, Sarkano Krustu, UNICEF Belarus, <em>Sapiens<\/em> Mag un <em>TIMER<\/em> Mag. Foto skolas <em>fsh1<\/em> (2016) l\u012bdzdibin\u0101t\u0101js.<\/p>\n\n\n\n<p>J\u016blija Vol\u010doka ir foto redaktore, producente, platformas par Baltkrievijas fotogr\u0101fiju <a href=\"https:\/\/shklo.org\/\">SHKLO<\/a> l\u012bdzdibin\u0101t\u0101ja. Vi\u0146a str\u0101d\u0101jusi par foto redaktori Baltkrievijas zi\u0146u port\u0101l\u0101 <a href=\"https:\/\/www.tut.by\/\" rel=\"sponsored nofollow\">TUT.BY<\/a> un k\u0101 vizu\u0101l\u0101 redaktore&nbsp; labdar\u012bbas platform\u0101 Imena. Nodarbojas ar multimediju projektu, izst\u0101\u017eu, gr\u0101matu veido\u0161anu, fotogr\u0101fu konsult\u0113\u0161anu.<\/p>\n\n\n<p><\/p>\n<p><\/p><center><iframe loading=\"lazy\" src=\"https:\/\/www.youtube.com\/embed\/asCCGiKmEZQ\" title=\"YouTube video player\" allow=\"accelerometer; autoplay; clipboard-write; encrypted-media; gyroscope; picture-in-picture\" allowfullscreen=\"\" width=\"560\" height=\"315\" frameborder=\"0\"><\/iframe><\/center><p><\/p>","protected":false},"featured_media":517,"template":"","event_tag":[41],"class_list":["post-512","event","type-event","status-publish","has-post-thumbnail","hentry","event_tag-diskusija"],"yoast_head":"<!-- This site is optimized with the Yoast SEO plugin v16.1.1 - https:\/\/yoast.com\/wordpress\/plugins\/seo\/ -->\n<title>Starp \u017eurn\u0101listiku un akt\u012bvismu. K\u0101 fotogr\u0101fi str\u0101d\u0101 Baltkrievij\u0101? - Riga Photomonth 2021<\/title>\n<meta name=\"description\" content=\"Saruna 26. maij\u0101 plkst. 19.00 krievu valod\u0101.\" \/>\n<link rel=\"canonical\" href=\"https:\/\/rigasfotomenesis.lv\/2021\/lv\/events\/starp-zurnalistiku-un-aktivismu-ka-fotografi-strada-baltkrievija\/\" \/>\n<meta property=\"og:locale\" content=\"en_US\" \/>\n<meta property=\"og:type\" content=\"article\" \/>\n<meta property=\"og:title\" content=\"Starp \u017eurn\u0101listiku un akt\u012bvismu. K\u0101 fotogr\u0101fi str\u0101d\u0101 Baltkrievij\u0101? - Riga Photomonth 2021\" \/>\n<meta property=\"og:description\" content=\"Saruna 26. maij\u0101 plkst. 19.00 krievu valod\u0101.\" \/>\n<meta property=\"og:url\" content=\"https:\/\/rigasfotomenesis.lv\/2021\/lv\/events\/starp-zurnalistiku-un-aktivismu-ka-fotografi-strada-baltkrievija\/\" \/>\n<meta property=\"og:site_name\" content=\"Riga Photomonth 2021\" \/>\n<meta property=\"article:publisher\" content=\"https:\/\/www.facebook.com\/RigaPhotomonth\" \/>\n<meta property=\"article:modified_time\" content=\"2021-05-27T08:09:59+00:00\" \/>\n<meta property=\"og:image\" content=\"https:\/\/rigasfotomenesis.lv\/2021\/wp-content\/uploads\/sites\/2\/2021\/05\/a_2020_08_31_005_IMG_8198z.jpg\" \/>\n\t<meta property=\"og:image:width\" content=\"2000\" \/>\n\t<meta property=\"og:image:height\" content=\"1333\" \/>\n<meta name=\"twitter:card\" content=\"summary_large_image\" \/>\n<meta name=\"twitter:label1\" content=\"Est. reading time\">\n\t<meta name=\"twitter:data1\" content=\"1 minute\">\n<script type=\"application\/ld+json\" class=\"yoast-schema-graph\">{\"@context\":\"https:\/\/schema.org\",\"@graph\":[{\"@type\":\"Organization\",\"@id\":\"https:\/\/rigasfotomenesis.lv\/2021\/#organization\",\"name\":\"Society \\u201cRiga Photomonth\\u201d\",\"url\":\"https:\/\/rigasfotomenesis.lv\/2021\/\",\"sameAs\":[\"https:\/\/www.facebook.com\/RigaPhotomonth\",\"https:\/\/www.instagram.com\/rigaphotomonth\/\",\"https:\/\/www.youtube.com\/channel\/UC6c5PFSPCWtbaekT7icz3-A\"],\"logo\":{\"@type\":\"ImageObject\",\"@id\":\"https:\/\/rigasfotomenesis.lv\/2021\/#logo\",\"inLanguage\":\"en-US\",\"url\":\"https:\/\/rigasfotomenesis.lv\/wp-content\/uploads\/2021\/03\/logo2021.svg\",\"contentUrl\":\"https:\/\/rigasfotomenesis.lv\/wp-content\/uploads\/2021\/03\/logo2021.svg\",\"width\":70,\"height\":69,\"caption\":\"Society \\u201cRiga Photomonth\\u201d\"},\"image\":{\"@id\":\"https:\/\/rigasfotomenesis.lv\/2021\/#logo\"}},{\"@type\":\"WebSite\",\"@id\":\"https:\/\/rigasfotomenesis.lv\/2021\/#website\",\"url\":\"https:\/\/rigasfotomenesis.lv\/2021\/\",\"name\":\"Riga Photomonth\",\"description\":\"May 24\\u2013July 18\",\"publisher\":{\"@id\":\"https:\/\/rigasfotomenesis.lv\/2021\/#organization\"},\"potentialAction\":[{\"@type\":\"SearchAction\",\"target\":\"https:\/\/rigasfotomenesis.lv\/2021\/?s={search_term_string}\",\"query-input\":\"required name=search_term_string\"}],\"inLanguage\":\"en-US\"},{\"@type\":\"ImageObject\",\"@id\":\"https:\/\/rigasfotomenesis.lv\/2021\/lv\/events\/starp-zurnalistiku-un-aktivismu-ka-fotografi-strada-baltkrievija\/#primaryimage\",\"inLanguage\":\"en-US\",\"url\":\"https:\/\/rigasfotomenesis.lv\/2021\/wp-content\/uploads\/sites\/2\/2021\/05\/a_2020_08_31_005_IMG_8198z.jpg\",\"contentUrl\":\"https:\/\/rigasfotomenesis.lv\/2021\/wp-content\/uploads\/sites\/2\/2021\/05\/a_2020_08_31_005_IMG_8198z.jpg\",\"width\":2000,\"height\":1333,\"caption\":\"Jauhens Otsetskis\"},{\"@type\":\"WebPage\",\"@id\":\"https:\/\/rigasfotomenesis.lv\/2021\/lv\/events\/starp-zurnalistiku-un-aktivismu-ka-fotografi-strada-baltkrievija\/#webpage\",\"url\":\"https:\/\/rigasfotomenesis.lv\/2021\/lv\/events\/starp-zurnalistiku-un-aktivismu-ka-fotografi-strada-baltkrievija\/\",\"name\":\"Starp \\u017eurn\\u0101listiku un akt\\u012bvismu. K\\u0101 fotogr\\u0101fi str\\u0101d\\u0101 Baltkrievij\\u0101? - Riga Photomonth 2021\",\"isPartOf\":{\"@id\":\"https:\/\/rigasfotomenesis.lv\/2021\/#website\"},\"primaryImageOfPage\":{\"@id\":\"https:\/\/rigasfotomenesis.lv\/2021\/lv\/events\/starp-zurnalistiku-un-aktivismu-ka-fotografi-strada-baltkrievija\/#primaryimage\"},\"datePublished\":\"2021-05-10T08:57:06+00:00\",\"dateModified\":\"2021-05-27T08:09:59+00:00\",\"description\":\"Saruna 26. maij\\u0101 plkst. 19.00 krievu valod\\u0101.\",\"breadcrumb\":{\"@id\":\"https:\/\/rigasfotomenesis.lv\/2021\/lv\/events\/starp-zurnalistiku-un-aktivismu-ka-fotografi-strada-baltkrievija\/#breadcrumb\"},\"inLanguage\":\"en-US\",\"potentialAction\":[{\"@type\":\"ReadAction\",\"target\":[\"https:\/\/rigasfotomenesis.lv\/2021\/lv\/events\/starp-zurnalistiku-un-aktivismu-ka-fotografi-strada-baltkrievija\/\"]}]},{\"@type\":\"BreadcrumbList\",\"@id\":\"https:\/\/rigasfotomenesis.lv\/2021\/lv\/events\/starp-zurnalistiku-un-aktivismu-ka-fotografi-strada-baltkrievija\/#breadcrumb\",\"itemListElement\":[{\"@type\":\"ListItem\",\"position\":1,\"item\":{\"@type\":\"WebPage\",\"@id\":\"https:\/\/rigasfotomenesis.lv\/2021\/\",\"url\":\"https:\/\/rigasfotomenesis.lv\/2021\/\",\"name\":\"Home\"}},{\"@type\":\"ListItem\",\"position\":2,\"item\":{\"@type\":\"WebPage\",\"@id\":\"https:\/\/rigasfotomenesis.lv\/2021\/lv\/events\/starp-zurnalistiku-un-aktivismu-ka-fotografi-strada-baltkrievija\/\",\"url\":\"https:\/\/rigasfotomenesis.lv\/2021\/lv\/events\/starp-zurnalistiku-un-aktivismu-ka-fotografi-strada-baltkrievija\/\",\"name\":\"Starp \\u017eurn\\u0101listiku un akt\\u012bvismu. K\\u0101 fotogr\\u0101fi str\\u0101d\\u0101 Baltkrievij\\u0101?\"}}]}]}<\/script>\n<!-- \/ Yoast SEO plugin. -->","_links":{"self":[{"href":"https:\/\/rigasfotomenesis.lv\/2021\/wp-json\/wp\/v2\/event\/512","targetHints":{"allow":["GET"]}}],"collection":[{"href":"https:\/\/rigasfotomenesis.lv\/2021\/wp-json\/wp\/v2\/event"}],"about":[{"href":"https:\/\/rigasfotomenesis.lv\/2021\/wp-json\/wp\/v2\/types\/event"}],"wp:featuredmedia":[{"embeddable":true,"href":"https:\/\/rigasfotomenesis.lv\/2021\/wp-json\/wp\/v2\/media\/517"}],"wp:attachment":[{"href":"https:\/\/rigasfotomenesis.lv\/2021\/wp-json\/wp\/v2\/media?parent=512"}],"wp:term":[{"taxonomy":"event_tag","embeddable":true,"href":"https:\/\/rigasfotomenesis.lv\/2021\/wp-json\/wp\/v2\/event_tag?post=512"}],"curies":[{"name":"wp","href":"https:\/\/api.w.org\/{rel}","templated":true}]}}

Starp žurnālistiku un aktīvismu. Kā fotogrāfi strādā Baltkrievijā?

<p>2020. gadā Baltkrievijā fotogrāfu darbs pilnībā mainījās. Aktuāli kļuvuši daudzi seni un arī jauni jautājumi: vai ir nepieciešams nošķirt pilsonisko pozīciju un darbu? Cik lielā mērā iedziļināšanās sabiedrībā traucē objektivitātei? Vai mums ir vajadzīgs objektīvisms, kad “otra puse” nav pieejama un visbiežāk ir bīstama? Jauhens Otcetskis, ārštata fotogrāfs, kurš fotografēja 2020. gada notikumus, ierosina no jauna definēt mūsdienu žurnālistikas normas. Vai tas ir iespējams un maz nepieciešams, runāsim ar fotogrāfu. Sarunu moderēs Jūlija Volčoka.</p>



<p><a href="https://www.instagram.com/attsetski_photo/?hl=en">Jauhens Otcetskis</a> ir baltkrievu fotogrāfs, kas dzīvo Minskā un galvenokārt strādā dokumentālās fotogrāfijas jomā. Kā fotogrāfs viņš ir strādājis ar UNDP, Sarkano Krustu, UNICEF Belarus, <em>Sapiens</em> Mag un <em>TIMER</em> Mag. Foto skolas <em>fsh1</em> (2016) līdzdibinātājs.</p>



<p>Jūlija Volčoka ir foto redaktore, producente, platformas par Baltkrievijas fotogrāfiju <a href="https://shklo.org/">SHKLO</a> līdzdibinātāja. Viņa strādājusi par foto redaktori Baltkrievijas ziņu portālā <a href="https://www.tut.by/" rel="sponsored nofollow">TUT.BY</a> un kā vizuālā redaktore&nbsp; labdarības platformā Imena. Nodarbojas ar multimediju projektu, izstāžu, grāmatu veidošanu, fotogrāfu konsultēšanu.</p>


<p></p>
<p></p><center><iframe loading="lazy" src="https://www.youtube.com/embed/asCCGiKmEZQ" title="YouTube video player" allow="accelerometer; autoplay; clipboard-write; encrypted-media; gyroscope; picture-in-picture" allowfullscreen="" width="560" height="315" frameborder="0"></iframe></center><p></p>

<!-- This site is optimized with the Yoast SEO plugin v16.1.1 - https://yoast.com/wordpress/plugins/seo/ -->
<title>Starp žurnālistiku un aktīvismu. Kā fotogrāfi strādā Baltkrievijā? - Riga Photomonth 2021</title>
<meta name="description" content="Saruna 26. maijā plkst. 19.00 krievu valodā." />
<link rel="canonical" href="https://rigasfotomenesis.lv/2021/lv/events/starp-zurnalistiku-un-aktivismu-ka-fotografi-strada-baltkrievija/" />
<meta property="og:locale" content="en_US" />
<meta property="og:type" content="article" />
<meta property="og:title" content="Starp žurnālistiku un aktīvismu. Kā fotogrāfi strādā Baltkrievijā? - Riga Photomonth 2021" />
<meta property="og:description" content="Saruna 26. maijā plkst. 19.00 krievu valodā." />
<meta property="og:url" content="https://rigasfotomenesis.lv/2021/lv/events/starp-zurnalistiku-un-aktivismu-ka-fotografi-strada-baltkrievija/" />
<meta property="og:site_name" content="Riga Photomonth 2021" />
<meta property="article:publisher" content="https://www.facebook.com/RigaPhotomonth" />
<meta property="article:modified_time" content="2021-05-27T08:09:59+00:00" />
<meta property="og:image" content="https://rigasfotomenesis.lv/2021/wp-content/uploads/sites/2/2021/05/a_2020_08_31_005_IMG_8198z.jpg" />
	<meta property="og:image:width" content="2000" />
	<meta property="og:image:height" content="1333" />
<meta name="twitter:card" content="summary_large_image" />
<meta name="twitter:label1" content="Est. reading time">
	<meta name="twitter:data1" content="1 minute">
<script type="application/ld+json" class="yoast-schema-graph">{"@context":"https://schema.org","@graph":[{"@type":"Organization","@id":"https://rigasfotomenesis.lv/2021/#organization","name":"Society \u201cRiga Photomonth\u201d","url":"https://rigasfotomenesis.lv/2021/","sameAs":["https://www.facebook.com/RigaPhotomonth","https://www.instagram.com/rigaphotomonth/","https://www.youtube.com/channel/UC6c5PFSPCWtbaekT7icz3-A"],"logo":{"@type":"ImageObject","@id":"https://rigasfotomenesis.lv/2021/#logo","inLanguage":"en-US","url":"https://rigasfotomenesis.lv/wp-content/uploads/2021/03/logo2021.svg","contentUrl":"https://rigasfotomenesis.lv/wp-content/uploads/2021/03/logo2021.svg","width":70,"height":69,"caption":"Society \u201cRiga Photomonth\u201d"},"image":{"@id":"https://rigasfotomenesis.lv/2021/#logo"}},{"@type":"WebSite","@id":"https://rigasfotomenesis.lv/2021/#website","url":"https://rigasfotomenesis.lv/2021/","name":"Riga Photomonth","description":"May 24\u2013July 18","publisher":{"@id":"https://rigasfotomenesis.lv/2021/#organization"},"potentialAction":[{"@type":"SearchAction","target":"https://rigasfotomenesis.lv/2021/?s={search_term_string}","query-input":"required name=search_term_string"}],"inLanguage":"en-US"},{"@type":"ImageObject","@id":"https://rigasfotomenesis.lv/2021/lv/events/starp-zurnalistiku-un-aktivismu-ka-fotografi-strada-baltkrievija/#primaryimage","inLanguage":"en-US","url":"https://rigasfotomenesis.lv/2021/wp-content/uploads/sites/2/2021/05/a_2020_08_31_005_IMG_8198z.jpg","contentUrl":"https://rigasfotomenesis.lv/2021/wp-content/uploads/sites/2/2021/05/a_2020_08_31_005_IMG_8198z.jpg","width":2000,"height":1333,"caption":"Jauhens Otsetskis"},{"@type":"WebPage","@id":"https://rigasfotomenesis.lv/2021/lv/events/starp-zurnalistiku-un-aktivismu-ka-fotografi-strada-baltkrievija/#webpage","url":"https://rigasfotomenesis.lv/2021/lv/events/starp-zurnalistiku-un-aktivismu-ka-fotografi-strada-baltkrievija/","name":"Starp \u017eurn\u0101listiku un akt\u012bvismu. K\u0101 fotogr\u0101fi str\u0101d\u0101 Baltkrievij\u0101? - Riga Photomonth 2021","isPartOf":{"@id":"https://rigasfotomenesis.lv/2021/#website"},"primaryImageOfPage":{"@id":"https://rigasfotomenesis.lv/2021/lv/events/starp-zurnalistiku-un-aktivismu-ka-fotografi-strada-baltkrievija/#primaryimage"},"datePublished":"2021-05-10T08:57:06+00:00","dateModified":"2021-05-27T08:09:59+00:00","description":"Saruna 26. maij\u0101 plkst. 19.00 krievu valod\u0101.","breadcrumb":{"@id":"https://rigasfotomenesis.lv/2021/lv/events/starp-zurnalistiku-un-aktivismu-ka-fotografi-strada-baltkrievija/#breadcrumb"},"inLanguage":"en-US","potentialAction":[{"@type":"ReadAction","target":["https://rigasfotomenesis.lv/2021/lv/events/starp-zurnalistiku-un-aktivismu-ka-fotografi-strada-baltkrievija/"]}]},{"@type":"BreadcrumbList","@id":"https://rigasfotomenesis.lv/2021/lv/events/starp-zurnalistiku-un-aktivismu-ka-fotografi-strada-baltkrievija/#breadcrumb","itemListElement":[{"@type":"ListItem","position":1,"item":{"@type":"WebPage","@id":"https://rigasfotomenesis.lv/2021/","url":"https://rigasfotomenesis.lv/2021/","name":"Home"}},{"@type":"ListItem","position":2,"item":{"@type":"WebPage","@id":"https://rigasfotomenesis.lv/2021/lv/events/starp-zurnalistiku-un-aktivismu-ka-fotografi-strada-baltkrievija/","url":"https://rigasfotomenesis.lv/2021/lv/events/starp-zurnalistiku-un-aktivismu-ka-fotografi-strada-baltkrievija/","name":"Starp \u017eurn\u0101listiku un akt\u012bvismu. K\u0101 fotogr\u0101fi str\u0101d\u0101 Baltkrievij\u0101?"}}]}]}</script>
<!-- / Yoast SEO plugin. -->
