{"id":715,"date":"2021-07-15T13:33:36","date_gmt":"2021-07-15T10:33:36","guid":{"rendered":"https:\/\/rigasfotomenesis.lv\/?post_type=artist&#038;p=715"},"modified":"2021-07-15T13:33:38","modified_gmt":"2021-07-15T10:33:38","slug":"daniela-vetra-2","status":"publish","type":"artist","link":"https:\/\/rigasfotomenesis.lv\/2021\/artists\/daniela-vetra-2\/","title":{"rendered":"Daniela V\u0113tra"},"content":{"rendered":"\n<p>Daniela V\u0113tra is an artist whose field of activity includes performance, live art, installation and contemporary theater. Daniela has studied contemporary circus art at <em>L\u2019Escola de Circ Rogelio Rivel<\/em> in Barcelona and clothing design at the Riga Secondary School of Design and Art. In her works, the body is always the central object around which various spatial and audiovisual experiences are built &#8211; they are shaped by ritual-based process, the interaction of the performer and the viewer, an extreme, physical test that takes place in space and time. The artist\u2019s works have been shown in performance festivals and galleries in Latvia, Estonia, Spain, the Netherlands, Georgia and Finland.<\/p>\n\n\n\n<p>Daniela V\u0113tra\u2019s performance THERE IS NO SAFE SPACE (I TOO WOULD BE AFRAID) &nbsp;will take place on July 15 at 22:00 outdoors at the Free Riga building on Viska\u013cu Street, as part of the Riga Photo Month 2021. It is created as a dialogue with itself in its symbolic 2 x 2 m safe cell. With this work, the author wants to illuminate her inner conflict and reveal her fears, to look into the reality of people who dare to fight, to reveal the face of the hero and the price they pay for their courage.<\/p>\n\n\n\n<p><strong>How did you come up with the idea for the performance?<\/strong><\/p>\n\n\n\n<p>You could say that the performance \/ installation THERE IS NO SAFE SPACE (I TOO WOULD BE AFRAID) is the answer to a question I have been asking myself since the beginning of the new Covid reality &#8211; why am I not fighting? This work has been inspired by the Black Lives Matter protest movement, the Belarusian freedom struggles, the Polish women who do not stop fighting and, finally, the burning of Tukums. I do not want to create a political work in a literal sense, but as deconstruction of my own actions or, in this case, inaction, based on my inner conflict, where the struggle is between the self-preservation instinct and the desire to embody the idealized image of the protagonist, such as \u017danis Lipke, or live your comfortable life. This work could be described as a kind of confession \u2013 confession in one\u2019s fear, weakness, but also in one\u2019s efforts to become a better person.<\/p>\n\n\n\n<p><strong>From the recent socio-political turmoil what worries you most?<\/strong><\/p>\n\n\n\n<p>It is undeniable that there have been many dramatic, mind-boggling events in the cross-section of the last year, about which we are very diligently informed by the news and social media. It would be inadequate to name one, so I would like to answer differently: what worries me most is the hyper-aggressive explosive discourse. It raises the feeling of standing on a bomb with a lit fuse. Maybe that\u2019s why this work came about as a cry for inspiration for battle, because it seems that we will soon have to fight. This aggression can be seen not only at the political level, but also in the simplest exchange of information \u2013 everyone is barking, barking from all sides, and so much so that it is difficult to see the presence of reason, or at least constructive analytical thinking. Under the guise of empathy, hot topics are discussed in a way that only increases aggression. There is a feeling that society has overdosed on steroids, and all this is going on in a very narrow living space\u2026 This worries me most.<\/p>\n\n\n\n<p><strong>How important is it for you to challenge the viewer?<\/strong><\/p>\n\n\n\n<p>It depends on the work. I don\u2019t like any form that exists purely for selfishness. If provocation and psychological pressure are needed to convey the message of a particular job, then I am not afraid to use it. I think when it comes to challenge, the artist has to take responsibility for the aftermath as well. So when challenging a viewer, you need to know exactly where you want to take him\/her, and do so deliberately. So banging with a hammer on the head is such an easy way out, but I strongly doubt whether it is the way to achieve the desired result.<\/p>\n\n\n\n<p><strong>What is your relationship with photography?<\/strong><\/p>\n\n\n\n<p>Since my medium is live art, photography and video are the only way my work can live on. Through an image, imaginary or real, I also create and develop my works. In this work, which will be on view on 15 July, and in the two other projects I am currently working on, photography will be not only a form of documentation, but also a fundamental part of an environmental installation. It will not only reflect the idea and image, but will also play an important role in the development of my physical language. It will be based on a collection of images I have created that depicts protesters, their poses and facial expressions.<\/p>\n\n\n\n<p><strong>What are your immediate creative plans?<\/strong><\/p>\n\n\n\n<p>Immediately after this performance I will go to P\u00e4rnu to participate in the P\u00e4rnu Art Week, where together with the artist Art\u016brs Virtmanis we will test a pilot version of our latest work <em>Love Is a Dog From Hell<\/em>. P\u00e4rnu has become a kind of testing ground for us, in which we allow ourselves to experiment with works that we later realize elsewhere. Later, MABOCA will be able to experience our spear performance, but in a completely different light. If the financial gods are favorable, maybe this summer I will have the opportunity to see my installation \/ performance <em>Zayebalastan<\/em>. I am very much looking forward to it, because it is a work for all of us, it is a manifestation of visions that many people would create together \u2013 a temple to a new world.<\/p>\n","protected":false},"excerpt":{"rendered":"<p>Personal confession about daring to fight.<\/p>\n","protected":false},"featured_media":717,"template":"","class_list":["post-715","artist","type-artist","status-publish","has-post-thumbnail","hentry"],"yoast_head":"<!-- This site is optimized with the Yoast SEO plugin v16.1.1 - https:\/\/yoast.com\/wordpress\/plugins\/seo\/ -->\n<title>Daniela V\u0113tra - Riga Photomonth 2021<\/title>\n<link rel=\"canonical\" href=\"https:\/\/rigasfotomenesis.lv\/2021\/artists\/daniela-vetra-2\/\" \/>\n<meta property=\"og:locale\" content=\"en_US\" \/>\n<meta property=\"og:type\" content=\"article\" \/>\n<meta property=\"og:title\" content=\"Daniela V\u0113tra - Riga Photomonth 2021\" \/>\n<meta property=\"og:description\" content=\"Personal confession about daring to fight.\" \/>\n<meta property=\"og:url\" content=\"https:\/\/rigasfotomenesis.lv\/2021\/artists\/daniela-vetra-2\/\" \/>\n<meta property=\"og:site_name\" content=\"Riga Photomonth 2021\" \/>\n<meta property=\"article:publisher\" content=\"https:\/\/www.facebook.com\/RigaPhotomonth\" \/>\n<meta property=\"article:modified_time\" content=\"2021-07-15T10:33:38+00:00\" \/>\n<meta property=\"og:image\" content=\"https:\/\/rigasfotomenesis.lv\/2021\/wp-content\/uploads\/sites\/2\/2021\/07\/M-A-B-B-poster-1-scaled.jpg\" \/>\n\t<meta property=\"og:image:width\" content=\"2560\" \/>\n\t<meta property=\"og:image:height\" content=\"1673\" \/>\n<meta name=\"twitter:card\" content=\"summary_large_image\" \/>\n<meta name=\"twitter:label1\" content=\"Est. reading time\">\n\t<meta name=\"twitter:data1\" content=\"5 minutes\">\n<script type=\"application\/ld+json\" class=\"yoast-schema-graph\">{\"@context\":\"https:\/\/schema.org\",\"@graph\":[{\"@type\":\"Organization\",\"@id\":\"https:\/\/rigasfotomenesis.lv\/2021\/#organization\",\"name\":\"Society \\u201cRiga Photomonth\\u201d\",\"url\":\"https:\/\/rigasfotomenesis.lv\/2021\/\",\"sameAs\":[\"https:\/\/www.facebook.com\/RigaPhotomonth\",\"https:\/\/www.instagram.com\/rigaphotomonth\/\",\"https:\/\/www.youtube.com\/channel\/UC6c5PFSPCWtbaekT7icz3-A\"],\"logo\":{\"@type\":\"ImageObject\",\"@id\":\"https:\/\/rigasfotomenesis.lv\/2021\/#logo\",\"inLanguage\":\"en-US\",\"url\":\"https:\/\/rigasfotomenesis.lv\/wp-content\/uploads\/2021\/03\/logo2021.svg\",\"contentUrl\":\"https:\/\/rigasfotomenesis.lv\/wp-content\/uploads\/2021\/03\/logo2021.svg\",\"width\":70,\"height\":69,\"caption\":\"Society \\u201cRiga Photomonth\\u201d\"},\"image\":{\"@id\":\"https:\/\/rigasfotomenesis.lv\/2021\/#logo\"}},{\"@type\":\"WebSite\",\"@id\":\"https:\/\/rigasfotomenesis.lv\/2021\/#website\",\"url\":\"https:\/\/rigasfotomenesis.lv\/2021\/\",\"name\":\"Riga Photomonth\",\"description\":\"May 24\\u2013July 18\",\"publisher\":{\"@id\":\"https:\/\/rigasfotomenesis.lv\/2021\/#organization\"},\"potentialAction\":[{\"@type\":\"SearchAction\",\"target\":\"https:\/\/rigasfotomenesis.lv\/2021\/?s={search_term_string}\",\"query-input\":\"required name=search_term_string\"}],\"inLanguage\":\"en-US\"},{\"@type\":\"ImageObject\",\"@id\":\"https:\/\/rigasfotomenesis.lv\/2021\/artists\/daniela-vetra-2\/#primaryimage\",\"inLanguage\":\"en-US\",\"url\":\"https:\/\/rigasfotomenesis.lv\/2021\/wp-content\/uploads\/sites\/2\/2021\/07\/M-A-B-B-poster-1-scaled.jpg\",\"contentUrl\":\"https:\/\/rigasfotomenesis.lv\/2021\/wp-content\/uploads\/sites\/2\/2021\/07\/M-A-B-B-poster-1-scaled.jpg\",\"width\":2560,\"height\":1673,\"caption\":\"I too would be afraid\"},{\"@type\":\"WebPage\",\"@id\":\"https:\/\/rigasfotomenesis.lv\/2021\/artists\/daniela-vetra-2\/#webpage\",\"url\":\"https:\/\/rigasfotomenesis.lv\/2021\/artists\/daniela-vetra-2\/\",\"name\":\"Daniela V\\u0113tra - Riga Photomonth 2021\",\"isPartOf\":{\"@id\":\"https:\/\/rigasfotomenesis.lv\/2021\/#website\"},\"primaryImageOfPage\":{\"@id\":\"https:\/\/rigasfotomenesis.lv\/2021\/artists\/daniela-vetra-2\/#primaryimage\"},\"datePublished\":\"2021-07-15T10:33:36+00:00\",\"dateModified\":\"2021-07-15T10:33:38+00:00\",\"breadcrumb\":{\"@id\":\"https:\/\/rigasfotomenesis.lv\/2021\/artists\/daniela-vetra-2\/#breadcrumb\"},\"inLanguage\":\"en-US\",\"potentialAction\":[{\"@type\":\"ReadAction\",\"target\":[\"https:\/\/rigasfotomenesis.lv\/2021\/artists\/daniela-vetra-2\/\"]}]},{\"@type\":\"BreadcrumbList\",\"@id\":\"https:\/\/rigasfotomenesis.lv\/2021\/artists\/daniela-vetra-2\/#breadcrumb\",\"itemListElement\":[{\"@type\":\"ListItem\",\"position\":1,\"item\":{\"@type\":\"WebPage\",\"@id\":\"https:\/\/rigasfotomenesis.lv\/2021\/\",\"url\":\"https:\/\/rigasfotomenesis.lv\/2021\/\",\"name\":\"Home\"}},{\"@type\":\"ListItem\",\"position\":2,\"item\":{\"@type\":\"WebPage\",\"@id\":\"https:\/\/rigasfotomenesis.lv\/2021\/artists\/daniela-vetra-2\/\",\"url\":\"https:\/\/rigasfotomenesis.lv\/2021\/artists\/daniela-vetra-2\/\",\"name\":\"Daniela V\\u0113tra\"}}]}]}<\/script>\n<!-- \/ Yoast SEO plugin. -->","_links":{"self":[{"href":"https:\/\/rigasfotomenesis.lv\/2021\/wp-json\/wp\/v2\/artist\/715","targetHints":{"allow":["GET"]}}],"collection":[{"href":"https:\/\/rigasfotomenesis.lv\/2021\/wp-json\/wp\/v2\/artist"}],"about":[{"href":"https:\/\/rigasfotomenesis.lv\/2021\/wp-json\/wp\/v2\/types\/artist"}],"wp:featuredmedia":[{"embeddable":true,"href":"https:\/\/rigasfotomenesis.lv\/2021\/wp-json\/wp\/v2\/media\/717"}],"wp:attachment":[{"href":"https:\/\/rigasfotomenesis.lv\/2021\/wp-json\/wp\/v2\/media?parent=715"}],"curies":[{"name":"wp","href":"https:\/\/api.w.org\/{rel}","templated":true}]}}

Daniela Vētra

<p>Daniela Vētra is an artist whose field of activity includes performance, live art, installation and contemporary theater. Daniela has studied contemporary circus art at <em>L’Escola de Circ Rogelio Rivel</em> in Barcelona and clothing design at the Riga Secondary School of Design and Art. In her works, the body is always the central object around which various spatial and audiovisual experiences are built &#8211; they are shaped by ritual-based process, the interaction of the performer and the viewer, an extreme, physical test that takes place in space and time. The artist’s works have been shown in performance festivals and galleries in Latvia, Estonia, Spain, the Netherlands, Georgia and Finland.</p>



<p>Daniela Vētra’s performance THERE IS NO SAFE SPACE (I TOO WOULD BE AFRAID) &nbsp;will take place on July 15 at 22:00 outdoors at the Free Riga building on Viskaļu Street, as part of the Riga Photo Month 2021. It is created as a dialogue with itself in its symbolic 2 x 2 m safe cell. With this work, the author wants to illuminate her inner conflict and reveal her fears, to look into the reality of people who dare to fight, to reveal the face of the hero and the price they pay for their courage.</p>



<p><strong>How did you come up with the idea for the performance?</strong></p>



<p>You could say that the performance / installation THERE IS NO SAFE SPACE (I TOO WOULD BE AFRAID) is the answer to a question I have been asking myself since the beginning of the new Covid reality &#8211; why am I not fighting? This work has been inspired by the Black Lives Matter protest movement, the Belarusian freedom struggles, the Polish women who do not stop fighting and, finally, the burning of Tukums. I do not want to create a political work in a literal sense, but as deconstruction of my own actions or, in this case, inaction, based on my inner conflict, where the struggle is between the self-preservation instinct and the desire to embody the idealized image of the protagonist, such as Žanis Lipke, or live your comfortable life. This work could be described as a kind of confession – confession in one’s fear, weakness, but also in one’s efforts to become a better person.</p>



<p><strong>From the recent socio-political turmoil what worries you most?</strong></p>



<p>It is undeniable that there have been many dramatic, mind-boggling events in the cross-section of the last year, about which we are very diligently informed by the news and social media. It would be inadequate to name one, so I would like to answer differently: what worries me most is the hyper-aggressive explosive discourse. It raises the feeling of standing on a bomb with a lit fuse. Maybe that’s why this work came about as a cry for inspiration for battle, because it seems that we will soon have to fight. This aggression can be seen not only at the political level, but also in the simplest exchange of information – everyone is barking, barking from all sides, and so much so that it is difficult to see the presence of reason, or at least constructive analytical thinking. Under the guise of empathy, hot topics are discussed in a way that only increases aggression. There is a feeling that society has overdosed on steroids, and all this is going on in a very narrow living space… This worries me most.</p>



<p><strong>How important is it for you to challenge the viewer?</strong></p>



<p>It depends on the work. I don’t like any form that exists purely for selfishness. If provocation and psychological pressure are needed to convey the message of a particular job, then I am not afraid to use it. I think when it comes to challenge, the artist has to take responsibility for the aftermath as well. So when challenging a viewer, you need to know exactly where you want to take him/her, and do so deliberately. So banging with a hammer on the head is such an easy way out, but I strongly doubt whether it is the way to achieve the desired result.</p>



<p><strong>What is your relationship with photography?</strong></p>



<p>Since my medium is live art, photography and video are the only way my work can live on. Through an image, imaginary or real, I also create and develop my works. In this work, which will be on view on 15 July, and in the two other projects I am currently working on, photography will be not only a form of documentation, but also a fundamental part of an environmental installation. It will not only reflect the idea and image, but will also play an important role in the development of my physical language. It will be based on a collection of images I have created that depicts protesters, their poses and facial expressions.</p>



<p><strong>What are your immediate creative plans?</strong></p>



<p>Immediately after this performance I will go to Pärnu to participate in the Pärnu Art Week, where together with the artist Artūrs Virtmanis we will test a pilot version of our latest work <em>Love Is a Dog From Hell</em>. Pärnu has become a kind of testing ground for us, in which we allow ourselves to experiment with works that we later realize elsewhere. Later, MABOCA will be able to experience our spear performance, but in a completely different light. If the financial gods are favorable, maybe this summer I will have the opportunity to see my installation / performance <em>Zayebalastan</em>. I am very much looking forward to it, because it is a work for all of us, it is a manifestation of visions that many people would create together – a temple to a new world.</p>

<!-- This site is optimized with the Yoast SEO plugin v16.1.1 - https://yoast.com/wordpress/plugins/seo/ -->
<title>Daniela Vētra - Riga Photomonth 2021</title>
<link rel="canonical" href="https://rigasfotomenesis.lv/2021/artists/daniela-vetra-2/" />
<meta property="og:locale" content="en_US" />
<meta property="og:type" content="article" />
<meta property="og:title" content="Daniela Vētra - Riga Photomonth 2021" />
<meta property="og:description" content="Personal confession about daring to fight." />
<meta property="og:url" content="https://rigasfotomenesis.lv/2021/artists/daniela-vetra-2/" />
<meta property="og:site_name" content="Riga Photomonth 2021" />
<meta property="article:publisher" content="https://www.facebook.com/RigaPhotomonth" />
<meta property="article:modified_time" content="2021-07-15T10:33:38+00:00" />
<meta property="og:image" content="https://rigasfotomenesis.lv/2021/wp-content/uploads/sites/2/2021/07/M-A-B-B-poster-1-scaled.jpg" />
	<meta property="og:image:width" content="2560" />
	<meta property="og:image:height" content="1673" />
<meta name="twitter:card" content="summary_large_image" />
<meta name="twitter:label1" content="Est. reading time">
	<meta name="twitter:data1" content="5 minutes">
<script type="application/ld+json" class="yoast-schema-graph">{"@context":"https://schema.org","@graph":[{"@type":"Organization","@id":"https://rigasfotomenesis.lv/2021/#organization","name":"Society \u201cRiga Photomonth\u201d","url":"https://rigasfotomenesis.lv/2021/","sameAs":["https://www.facebook.com/RigaPhotomonth","https://www.instagram.com/rigaphotomonth/","https://www.youtube.com/channel/UC6c5PFSPCWtbaekT7icz3-A"],"logo":{"@type":"ImageObject","@id":"https://rigasfotomenesis.lv/2021/#logo","inLanguage":"en-US","url":"https://rigasfotomenesis.lv/wp-content/uploads/2021/03/logo2021.svg","contentUrl":"https://rigasfotomenesis.lv/wp-content/uploads/2021/03/logo2021.svg","width":70,"height":69,"caption":"Society \u201cRiga Photomonth\u201d"},"image":{"@id":"https://rigasfotomenesis.lv/2021/#logo"}},{"@type":"WebSite","@id":"https://rigasfotomenesis.lv/2021/#website","url":"https://rigasfotomenesis.lv/2021/","name":"Riga Photomonth","description":"May 24\u2013July 18","publisher":{"@id":"https://rigasfotomenesis.lv/2021/#organization"},"potentialAction":[{"@type":"SearchAction","target":"https://rigasfotomenesis.lv/2021/?s={search_term_string}","query-input":"required name=search_term_string"}],"inLanguage":"en-US"},{"@type":"ImageObject","@id":"https://rigasfotomenesis.lv/2021/artists/daniela-vetra-2/#primaryimage","inLanguage":"en-US","url":"https://rigasfotomenesis.lv/2021/wp-content/uploads/sites/2/2021/07/M-A-B-B-poster-1-scaled.jpg","contentUrl":"https://rigasfotomenesis.lv/2021/wp-content/uploads/sites/2/2021/07/M-A-B-B-poster-1-scaled.jpg","width":2560,"height":1673,"caption":"I too would be afraid"},{"@type":"WebPage","@id":"https://rigasfotomenesis.lv/2021/artists/daniela-vetra-2/#webpage","url":"https://rigasfotomenesis.lv/2021/artists/daniela-vetra-2/","name":"Daniela V\u0113tra - Riga Photomonth 2021","isPartOf":{"@id":"https://rigasfotomenesis.lv/2021/#website"},"primaryImageOfPage":{"@id":"https://rigasfotomenesis.lv/2021/artists/daniela-vetra-2/#primaryimage"},"datePublished":"2021-07-15T10:33:36+00:00","dateModified":"2021-07-15T10:33:38+00:00","breadcrumb":{"@id":"https://rigasfotomenesis.lv/2021/artists/daniela-vetra-2/#breadcrumb"},"inLanguage":"en-US","potentialAction":[{"@type":"ReadAction","target":["https://rigasfotomenesis.lv/2021/artists/daniela-vetra-2/"]}]},{"@type":"BreadcrumbList","@id":"https://rigasfotomenesis.lv/2021/artists/daniela-vetra-2/#breadcrumb","itemListElement":[{"@type":"ListItem","position":1,"item":{"@type":"WebPage","@id":"https://rigasfotomenesis.lv/2021/","url":"https://rigasfotomenesis.lv/2021/","name":"Home"}},{"@type":"ListItem","position":2,"item":{"@type":"WebPage","@id":"https://rigasfotomenesis.lv/2021/artists/daniela-vetra-2/","url":"https://rigasfotomenesis.lv/2021/artists/daniela-vetra-2/","name":"Daniela V\u0113tra"}}]}]}</script>
<!-- / Yoast SEO plugin. -->
